et r = g - a. What is the greatest common factor of 4 and r?
4
Let u be ((-6)/(-8))/(1/(-4)). Let r be 2/3 + (-79)/u. Let s(h) = h**3 + h**2 - h + 9. Let n be s(0). Calculate the highest common divisor of n and r.
9
Let l = 2 + -13. Let g be l/((4/(-4))/1). Calculate the greatest common factor of 11 and g.
11
Let u be (-4)/(4/1) - -3. Suppose 2*m + u*m - 192 = 0. What is the highest common factor of m and 12?
12
Suppose -2*b = g - 34, 50 = 2*g - 0*g - 2*b. Suppose 5*y - 113 = -33. Let s = y - 9. Calculate the greatest common factor of g and s.
7
Let f(j) = 3*j - 1. Let d(t) = 1. Let u(q) = 2*d(q) + f(q). Let h be u(-1). Let i = 4 - h. What is the greatest common divisor of 24 and i?
6
Suppose -12 = -2*c + y - 5*y, 2*c - 3*y + 2 = 0. Suppose 5 = k - c*k. Let d be (-642)/(-5) - (-2)/k. What is the highest common divisor of 16 and d?
16
Let c(q) = -q**3 + 3*q**2 - 2*q + 2. Let y be c(3). Let m be (26 - 6)*(-2)/y. Calculate the highest common divisor of 90 and m.
10
Suppose -z = -0*z - 56. Let c(f) = -f**3 - 8*f**2 - 10*f + 3. Let g be c(-6). Let w = -1 - g. What is the greatest common divisor of w and z?
8
Let o be (-69)/(-4) - (-1)/(-4). Suppose t = 3*z + 25, -t - 3*t + 148 = 4*z. What is the highest common factor of t and o?
17
Let a be 3/6 + 5/2. Let w(s) = -s + 3. Let y be w(a). Suppose -h + y*l = -2*l - 8, -3*h - 2*l = -8. What is the highest common factor of 16 and h?
4
Suppose 0 = -16*j + 9*j + 35. Let r(n) = -6*n - 4. Let s be r(-4). What is the greatest common factor of j and s?
5
Suppose -2*d - 1 = -9. Suppose 4*t + t + 3*r - 29 = 0, -4*t = -5*r - 1. What is the greatest common factor of d and t?
4
Let t be 21/9 - (-2)/3. Suppose 0*s + 18 = t*s. What is the highest common factor of 42 and s?
6
Let k = 201 - 119. Suppose 0 = w - 19 + 56. Let c = w + k. What is the greatest common factor of 9 and c?
9
Let m be 3*((-16)/3)/(-4). What is the greatest common divisor of m and 8?
4
Suppose 0 = -4*r + p + 20 - 0, -2*p = -4*r + 20. Suppose 42 = -2*f + r*f. What is the highest common divisor of f and 42?
14
Let w(z) = z**2 + 9*z + 2. Let v be w(-9). Let i = v - 0. Suppose -18 = 2*t - 5*t. What is the highest common factor of i and t?
2
Suppose -2*n - 2 = -2*o, 5*o - 1 - 1 = 4*n. Let j = 9 - o. Calculate the highest common divisor of 99 and j.
11
Let k(n) = 28*n**3 - n**2 + 3*n - 2. Let a be k(1). What is the highest common divisor of 4 and a?
4
Let x = 4 - 0. Suppose -3*n + 4*n - 65 = 0. Suppose 5*y + n = 5*c, x*c - 5*c + 7 = 5*y. Calculate the greatest common divisor of c and 12.
12
Suppose 0 = -2*l - 1 + 13. Suppose 5*v - 475 - 130 = 0. Suppose 3*b - 5*p = v, -p = -b + 6*b - 211. What is the highest common divisor of l and b?
6
Let p(n) be the third derivative of n**4/8 - 5*n**3/6 - 7*n**2. Let k be p(3). What is the greatest common factor of 4 and k?
4
Let c be 6/(-5)*-2*(-120)/(-16). Let o(w) = -w**2 - w + 1. Let t be o(5). Let h = 56 + t. Calculate the greatest common divisor of h and c.
9
Let c(i) = -i**2 - 6*i + 7. Let a be c(-7). Let o be 2/(-4)*(a - 4). What is the greatest common divisor of o and 5?
1
Suppose 2*m = -2*m + 8. What is the highest common divisor of m and 2?
2
Suppose 22 = 4*x + 6. Suppose -h - 4*g = -x, 3*h - 20 = g + 18. Calculate the greatest common factor of h and 4.
4
Let w = 366 - -6. Calculate the greatest common factor of w and 12.
12
Let l = -6 + 116. What is the greatest common divisor of l and 22?
22
Let s = 4 - -36. What is the highest common divisor of s and 10?
10
Suppose 0 = 3*w - 6*o + 2*o - 188, 0 = -5*w - 5*o + 290. What is the greatest common factor of w and 90?
30
Let u = 11 - 2. Let r be (8/6)/((-4)/(-6)). Suppose 3*h = r*p + 8, -5*h + p - 4*p = -45. What is the greatest common factor of u and h?
3
Suppose 3*v - 5*o - 142 = 0, 4*o + 143 = -v + 4*v. Calculate the greatest common factor of v and 49.
49
Let h(x) = -x**3 + x**2 + 4*x - 3. Let i be h(2). Let f be ((-18)/(-12))/(i/2). Calculate the greatest common divisor of f and 2.
1
Suppose -f - 2 = 14. Let d be f/(6/2 - 2). Let h = d + 40. What is the highest common divisor of 24 and h?
24
Let q = -8 - -16. What is the greatest common factor of 64 and q?
8
Let n(a) = a**3 - 7*a**2 - 8*a + 3. Let w be n(8). Suppose -z - 84 = -w*z. What is the highest common factor of z and 6?
6
Let h be (7 - 1)/(6/20). What is the greatest common divisor of h and 20?
20
Suppose 4*g + 3*y - 1188 = 0, 5*g - 2*y = 2*g + 891. What is the greatest common factor of 27 and g?
27
Let f = 15 - 24. Let v be -18*3/f*7. Calculate the greatest common factor of v and 6.
6
Suppose 4*y - 360 = 2*g - 5*g, -120 = -g - 3*y. Calculate the highest common divisor of 24 and g.
24
Let t(u) be the first derivative of -u**3/3 + 5*u**2 + 3*u - 2. Let r be t(9). Suppose -5*q + 193 + 47 = 0. Calculate the highest common divisor of q and r.
12
Let f = 23 + 5. Let x(g) = 10*g + 2. Let u be x(4). Calculate the highest common factor of u and f.
14
Suppose -4*s = s - 275. Calculate the highest common divisor of s and 22.
11
Let i(w) = 5 - 3*w - 4*w + 6*w**2 + 2*w. Let o be i(3). What is the greatest common divisor of o and 110?
22
Suppose 0 = 2*z + z. Suppose z = j - 6*j - 2*g + 22, 17 = 3*j + 5*g. What is the highest common factor of j and 2?
2
Let u(t) = 2*t**2 + 12*t - 7. Let p(j) = j**2 + 6*j - 4. Let f(x) = -9*p(x) + 4*u(x). Let q be f(-6). What is the highest common divisor of q and 4?
4
Let d be (156/(-8))/((-4)/24). What is the greatest common divisor of 13 and d?
13
Suppose 2*f - 3 = -0*n + n, 3*n + 3*f = 9. What is the highest common factor of 5 and n?
1
Let r(d) = 5*d - 18*d - 3 + 2. Let u be r(2). Let o be (10/15)/((-2)/u). Calculate the greatest common factor of o and 72.
9
Let n = 393 + -228. Calculate the greatest common factor of 15 and n.
15
Let t be ((-3)/6)/((-1)/12). Calculate the highest common divisor of 42 and t.
6
Suppose -k + 43 + 100 = 3*l, 5*k = -2*l + 91. Let y(p) = p + 5. Let q be y(-5). Let m = 6 + q. What is the greatest common factor of l and m?
6
Suppose 0*j = 5*j. Suppose -2*i + a + 64 = j, -2*i - a - 3*a = -64. Calculate the highest common factor of i and 8.
8
Suppose -27 + 3 = -3*n. Let x be 33*2*12/n. Calculate the highest common divisor of x and 11.
11
Suppose -6*w = -w - 95. Let j = 34 - w. Calculate the greatest common divisor of 60 and j.
15
Let i be (-8 - -7) + 5*10. What is the greatest common divisor of i and 7?
7
Suppose -4*c + 5*x = -51, -4*x - 30 = -4*c - 6*x. Calculate the highest common divisor of 15 and c.
3
Suppose -3*b - 12 - 20 = -2*y, 0 = -3*y + 3*b + 45. Suppose -y - 23 = -4*h. Calculate the highest common divisor of 1 and h.
1
Let r(x) = x**3 - 6*x**2 + 6*x - 3. Let m(c) = c**2 - 8*c - 14. Let o be m(10). Let n be r(o). Calculate the highest common factor of n and 11.
11
Suppose -84 = 15*a - 19*a. What is the greatest common factor of a and 42?
21
Let o = 36 - -14. Suppose -4*p + p = -60. Calculate the highest common divisor of o and p.
10
Suppose 4*m + 0*m = 12. Let s(o) = 2*o - 4. Let f be s(m). Calculate the highest common factor of 6 and f.
2
Let t = 114 + -18. What is the highest common factor of 12 and t?
12
Suppose -m - 26 + 56 = 0. Calculate the highest common factor of 45 and m.
15
Let h(m) = -m**2 - 19*m - 38. Let i be h(-16). Let y(u) = 4*u**2 + 5*u - 4. Let l be y(4). What is the greatest common divisor of i and l?
10
Let u(c) = -104*c + 3. Let l be u(-5). Suppose -l = -4*k - n, n - 117 = -k - 2*n. Calculate the greatest common divisor of 12 and k.
12
Let p = -2 + 7. Suppose p*h = 3*h + 34. Calculate the greatest common divisor of h and 187.
17
Let d(c) = -3*c - 8. Let i(g) = -g - 1. Let t(s) = d(s) - 6*i(s). Let w be t(6). Let y = w + 54. What is the greatest common factor of y and 28?
14
Suppose 3 + 9 = 3*l - y, 5*y = -2*l - 9. Suppose l*r = 49 - 28. Calculate the greatest common divisor of 7 and r.
7
Let r = -14 + 64. Let h be ((-2)/1)/((-2)/20). What is the greatest common divisor of r and h?
10
Let l(f) = f + 23. Let o be l(-9). Let d(y) = -y**3 - y**2 - 2*y + 4. Let a be d(-3). Calculate the highest common factor of a and o.
14
Let s = -103 - -233. What is the highest common factor of s and 13?
13
Let k be (0/2)/(-1) + 20. Let m(v) = 7*v**2 + 2*v - 12. Let b be m(4). Suppose -g - 28 = -b. Calculate the highest common factor of g